{"id":47781,"date":"2024-04-15T20:33:01","date_gmt":"2024-04-15T19:33:01","guid":{"rendered":"https:\/\/www.armeemuseum.ch\/1863-1988-125-jahre-eidg-munitionsfabrik-thun\/"},"modified":"2024-04-15T20:33:01","modified_gmt":"2024-04-15T19:33:01","slug":"1863-1988-125-jahre-eidg-munitionsfabrik-thun","status":"publish","type":"page","link":"https:\/\/armeemuseum.ch\/fr\/1863-1988-125-jahre-eidg-munitionsfabrik-thun\/","title":{"rendered":"1863 &#8211; 1988: 125 Jahre Eidg. Munitionsfabrik Thun"},"content":{"rendered":"<p>[et_pb_section fb_built=\u00a0\u00bb1&Prime; _builder_version=\u00a0\u00bb4.19.4&Prime; _module_preset=\u00a0\u00bbdefault\u00a0\u00bb global_colors_info=\u00a0\u00bb{}\u00a0\u00bb][et_pb_row column_structure=\u00a0\u00bb3_5,2_5&Prime; _builder_version=\u00a0\u00bb4.19.4&Prime; _module_preset=\u00a0\u00bbdefault\u00a0\u00bb global_colors_info=\u00a0\u00bb{}\u00a0\u00bb][et_pb_column type=\u00a0\u00bb3_5&Prime; _builder_version=\u00a0\u00bb4.19.4&Prime; _module_preset=\u00a0\u00bbdefault\u00a0\u00bb global_colors_info=\u00a0\u00bb{}\u00a0\u00bb][et_pb_text _builder_version=\u00a0\u00bb4.19.4&Prime; _module_preset=\u00a0\u00bbdefault\u00a0\u00bb global_colors_info=\u00a0\u00bb{}\u00a0\u00bb]<\/p>\n<h1><strong>1863 &#8211; 1988:<br \/><\/strong><strong>125 Jahre Eidg. Munitionsfabrik Thun<\/strong><\/h1>\n<h3><strong>Ein Video aus dem Jahr 1988 als Zeitdokument<\/strong><\/h3>\n<p>[\/et_pb_text][\/et_pb_column][et_pb_column type=\u00a0\u00bb2_5&Prime; _builder_version=\u00a0\u00bb4.19.4&Prime; _module_preset=\u00a0\u00bbdefault\u00a0\u00bb global_colors_info=\u00a0\u00bb{}\u00a0\u00bb][et_pb_image src=\u00a0\u00bbhttps:\/\/armeemuseum.ch\/wp-content\/uploads\/2020\/06\/Logo-VSAM-komprimiert-5.jpg\u00a0\u00bb title_text=\u00a0\u00bbEinfaches CMYK\u00a0\u00bb _builder_version=\u00a0\u00bb4.19.4&Prime; _module_preset=\u00a0\u00bbdefault\u00a0\u00bb global_colors_info=\u00a0\u00bb{}\u00a0\u00bb][\/et_pb_image][\/et_pb_column][\/et_pb_row][\/et_pb_section][et_pb_section fb_built=\u00a0\u00bb1&Prime; _builder_version=\u00a0\u00bb4.19.4&Prime; _module_preset=\u00a0\u00bbdefault\u00a0\u00bb min_height=\u00a0\u00bb870.6px\u00a0\u00bb custom_padding=\u00a0\u00bb||0px|||\u00a0\u00bb global_colors_info=\u00a0\u00bb{}\u00a0\u00bb][et_pb_row column_structure=\u00a0\u00bb3_5,2_5&Prime; _builder_version=\u00a0\u00bb4.19.4&Prime; _module_preset=\u00a0\u00bbdefault\u00a0\u00bb min_height=\u00a0\u00bb780.6px\u00a0\u00bb global_colors_info=\u00a0\u00bb{}\u00a0\u00bb][et_pb_column type=\u00a0\u00bb3_5&Prime; _builder_version=\u00a0\u00bb4.19.4&Prime; _module_preset=\u00a0\u00bbdefault\u00a0\u00bb global_colors_info=\u00a0\u00bb{}\u00a0\u00bb][et_pb_image src=\u00a0\u00bbhttps:\/\/armeemuseum.ch\/wp-content\/uploads\/2023\/07\/Titelbild-Vorderseite.jpg\u00a0\u00bb title_text=\u00a0\u00bbTitelbild Vorderseite\u00a0\u00bb _builder_version=\u00a0\u00bb4.19.4&Prime; _module_preset=\u00a0\u00bbdefault\u00a0\u00bb global_colors_info=\u00a0\u00bb{}\u00a0\u00bb][\/et_pb_image][\/et_pb_column][et_pb_column type=\u00a0\u00bb2_5&Prime; _builder_version=\u00a0\u00bb4.19.4&Prime; _module_preset=\u00a0\u00bbdefault\u00a0\u00bb global_colors_info=\u00a0\u00bb{}\u00a0\u00bb][et_pb_text _builder_version=\u00a0\u00bb4.19.4&Prime; _module_preset=\u00a0\u00bbdefault\u00a0\u00bb global_colors_info=\u00a0\u00bb{}\u00a0\u00bb]<\/p>\n<h1><\/h1>\n<h1><\/h1>\n<h1><\/h1>\n<h1><\/h1>\n<h1><\/h1>\n<h1><\/h1>\n<h1><\/h1>\n<h1><\/h1>\n<h1><\/h1>\n<h1><\/h1>\n<h1><\/h1>\n<h1><\/h1>\n<h1><\/h1>\n<h1><strong><\/strong><\/h1>\n<h1><strong><\/strong><\/h1>\n<h1><strong><\/strong><\/h1>\n<h1><strong><\/strong><\/h1>\n<h1><strong><\/strong><\/h1>\n<h1><strong><\/strong><\/h1>\n<h1><strong><\/strong><\/h1>\n<h1><strong><\/strong><\/h1>\n<h1><strong><\/strong><\/h1>\n<h1><strong><\/strong><\/h1>\n<h1><strong><\/strong><\/h1>\n<h1><strong><\/strong><\/h1>\n<h1><strong><\/strong><\/h1>\n<h1><strong><\/strong><\/h1>\n<h1><strong><\/strong><\/h1>\n<h1><strong><\/strong><\/h1>\n<h1><strong><\/strong><\/h1>\n<h1><strong><\/strong><\/h1>\n<h1><strong><\/strong><\/h1>\n<h1><strong><\/strong><\/h1>\n<h1><a href=\"https:\/\/youtu.be\/XTIf4Tqh8xE\" target=\"_blank\" rel=\"noopener\"><strong>Link zum Video<\/strong><\/a><\/h1>\n<p>[\/et_pb_text][\/et_pb_column][\/et_pb_row][\/et_pb_section][et_pb_section fb_built=\u00a0\u00bb1&Prime; _builder_version=\u00a0\u00bb4.19.4&Prime; _module_preset=\u00a0\u00bbdefault\u00a0\u00bb custom_margin=\u00a0\u00bb||-116px|||\u00a0\u00bb custom_padding=\u00a0\u00bb8px|||||\u00a0\u00bb global_colors_info=\u00a0\u00bb{}\u00a0\u00bb][et_pb_row _builder_version=\u00a0\u00bb4.19.4&Prime; _module_preset=\u00a0\u00bbdefault\u00a0\u00bb custom_padding=\u00a0\u00bb0px|||||\u00a0\u00bb global_colors_info=\u00a0\u00bb{}\u00a0\u00bb][et_pb_column type=\u00a0\u00bb4_4&Prime; _builder_version=\u00a0\u00bb4.19.4&Prime; _module_preset=\u00a0\u00bbdefault\u00a0\u00bb global_colors_info=\u00a0\u00bb{}\u00a0\u00bb][et_pb_text _builder_version=\u00a0\u00bb4.19.4&Prime; _module_preset=\u00a0\u00bbdefault\u00a0\u00bb global_colors_info=\u00a0\u00bb{}\u00a0\u00bb]<\/p>\n<p>\u00a0Zur Vereinheitlichung der Munition und zur Modernisierung der Fabrikation gr\u00fcndete 1863 Oberst Hans Herzog (der sp\u00e4tere General) das Eidgen\u00f6ssische Laboratorium, das von 1874 bis 1995 als <strong>Eidgen\u00f6ssische Munitionsfabrik Thun (MFT)<\/strong> bestand. 1903 wurde als weitere Produktionsst\u00e4tte die <strong>Eidgen\u00f6ssische Munitionsfabrik Altdorf (MFA)<\/strong> gegr\u00fcndet. 1995 wurden beide Betriebe unter dem Namen <strong>SM Schweizerische Munitionsunternehmung<\/strong> fusioniert. 1998 wurde diese zusammen mit den weiteren R\u00fcstungsbetrieben des Bundes in die RUAG \u00fcberf\u00fchrt. Im Rahmen der neuen Konzernstruktur wurde die SM im Mai 2001 zur <strong>RUAG Munition<\/strong>. Von 2002 bis 2022 wurde der Munitionsbereich unter dem Namen <strong>RUAG Ammotec<\/strong> gef\u00fchrt.\u00a0 Im Juli 2022 wurde diese vollst\u00e4ndig mit allen Marken sowie Produktions- und Vertriebsstandorten von der italienischen <strong>Beretta Holding<\/strong> mit Sitz in Luxembourg \u00fcbernommen. Der Schweizer Teil der RUAG Ammotec firmiert nun unter dem Namen <strong>SwissP Defence.<\/strong><\/p>\n<p>Das anl\u00e4sslich des 125-Jahre-Jubil\u00e4ums der MFT 1988 entstandene, aufw\u00e4ndig inszenierte Video zeigt somit den gr\u00f6ssten Teil der Geschichte der Munitionsherstellung in Thun. Es beginnt mit einem historischen R\u00fcckblick auf die Geschichte der Pulver- und Munitionsherstellung.<\/p>\n<p>Realisiert wurde das Video von Hansjakob Beglinger, einem Mitarbeiter der damaligen MFT und fr\u00fcheren Pr\u00e4sidenten des VSAM. Als Berater stand gem\u00e4ss Abspann unter anderem der ehemalige bernische Kantonsarchivar Fritz H\u00e4usler zur Verf\u00fcgung, der auch Mitglied der Vorstandes VSAM war.<\/p>\n<p>[\/et_pb_text][\/et_pb_column][\/et_pb_row][\/et_pb_section][et_pb_section fb_built=\u00a0\u00bb1&Prime; _builder_version=\u00a0\u00bb4.19.4&Prime; _module_preset=\u00a0\u00bbdefault\u00a0\u00bb global_colors_info=\u00a0\u00bb{}\u00a0\u00bb][et_pb_row column_structure=\u00a0\u00bb3_5,2_5&Prime; _builder_version=\u00a0\u00bb4.19.4&Prime; _module_preset=\u00a0\u00bbdefault\u00a0\u00bb global_colors_info=\u00a0\u00bb{}\u00a0\u00bb][et_pb_column type=\u00a0\u00bb3_5&Prime; _builder_version=\u00a0\u00bb4.19.4&Prime; _module_preset=\u00a0\u00bbdefault\u00a0\u00bb global_colors_info=\u00a0\u00bb{}\u00a0\u00bb][et_pb_image src=\u00a0\u00bbhttps:\/\/armeemuseum.ch\/wp-content\/uploads\/2023\/07\/Titelbild-Rueckseite.jpg\u00a0\u00bb title_text=\u00a0\u00bbTitelbild R\u00fcckseite\u00a0\u00bb _builder_version=\u00a0\u00bb4.19.4&Prime; _module_preset=\u00a0\u00bbdefault\u00a0\u00bb global_colors_info=\u00a0\u00bb{}\u00a0\u00bb][\/et_pb_image][\/et_pb_column][et_pb_column type=\u00a0\u00bb2_5&Prime; _builder_version=\u00a0\u00bb4.19.4&Prime; _module_preset=\u00a0\u00bbdefault\u00a0\u00bb global_colors_info=\u00a0\u00bb{}\u00a0\u00bb][\/et_pb_column][\/et_pb_row][\/et_pb_section]<\/p>\n","protected":false},"excerpt":{"rendered":"<p>1863 &#8211; 1988:125 Jahre Eidg. Munitionsfabrik Thun Ein Video aus dem Jahr 1988 als Zeitdokument Link zum Video\u00a0Zur Vereinheitlichung der Munition und zur Modernisierung der Fabrikation gr\u00fcndete 1863 Oberst Hans Herzog (der sp\u00e4tere General) das Eidgen\u00f6ssische Laboratorium, das von 1874 bis 1995 als Eidgen\u00f6ssische Munitionsfabrik Thun (MFT) bestand. 1903 wurde als weitere Produktionsst\u00e4tte die Eidgen\u00f6ssische [&hellip;]<\/p>\n","protected":false},"author":2,"featured_media":0,"parent":0,"menu_order":0,"comment_status":"closed","ping_status":"closed","template":"","meta":{"_et_pb_use_builder":"on","_et_pb_old_content":"","_et_gb_content_width":"","footnotes":""},"class_list":["post-47781","page","type-page","status-publish","hentry"],"_links":{"self":[{"href":"https:\/\/armeemuseum.ch\/fr\/wp-json\/wp\/v2\/pages\/47781","targetHints":{"allow":["GET"]}}],"collection":[{"href":"https:\/\/armeemuseum.ch\/fr\/wp-json\/wp\/v2\/pages"}],"about":[{"href":"https:\/\/armeemuseum.ch\/fr\/wp-json\/wp\/v2\/types\/page"}],"author":[{"embeddable":true,"href":"https:\/\/armeemuseum.ch\/fr\/wp-json\/wp\/v2\/users\/2"}],"replies":[{"embeddable":true,"href":"https:\/\/armeemuseum.ch\/fr\/wp-json\/wp\/v2\/comments?post=47781"}],"version-history":[{"count":2,"href":"https:\/\/armeemuseum.ch\/fr\/wp-json\/wp\/v2\/pages\/47781\/revisions"}],"predecessor-version":[{"id":47783,"href":"https:\/\/armeemuseum.ch\/fr\/wp-json\/wp\/v2\/pages\/47781\/revisions\/47783"}],"wp:attachment":[{"href":"https:\/\/armeemuseum.ch\/fr\/wp-json\/wp\/v2\/media?parent=47781"}],"curies":[{"name":"wp","href":"https:\/\/api.w.org\/{rel}","templated":true}]}}

<p>[et_pb_section fb_built= »1&Prime; _builder_version= »4.19.4&Prime; _module_preset= »default » global_colors_info= »{} »][et_pb_row column_structure= »3_5,2_5&Prime; _builder_version= »4.19.4&Prime; _module_preset= »default » global_colors_info= »{} »][et_pb_column type= »3_5&Prime; _builder_version= »4.19.4&Prime; _module_preset= »default » global_colors_info= »{} »][et_pb_text _builder_version= »4.19.4&Prime; _module_preset= »default » global_colors_info= »{} »]</p>
<h1><strong>1863 &#8211; 1988:<br /></strong><strong>125 Jahre Eidg. Munitionsfabrik Thun</strong></h1>
<h3><strong>Ein Video aus dem Jahr 1988 als Zeitdokument</strong></h3>
<p>[/et_pb_text][/et_pb_column][et_pb_column type= »2_5&Prime; _builder_version= »4.19.4&Prime; _module_preset= »default » global_colors_info= »{} »][et_pb_image src= »https://armeemuseum.ch/wp-content/uploads/2020/06/Logo-VSAM-komprimiert-5.jpg » title_text= »Einfaches CMYK » _builder_version= »4.19.4&Prime; _module_preset= »default » global_colors_info= »{} »][/et_pb_image][/et_pb_column][/et_pb_row][/et_pb_section][et_pb_section fb_built= »1&Prime; _builder_version= »4.19.4&Prime; _module_preset= »default » min_height= »870.6px » custom_padding= »||0px||| » global_colors_info= »{} »][et_pb_row column_structure= »3_5,2_5&Prime; _builder_version= »4.19.4&Prime; _module_preset= »default » min_height= »780.6px » global_colors_info= »{} »][et_pb_column type= »3_5&Prime; _builder_version= »4.19.4&Prime; _module_preset= »default » global_colors_info= »{} »][et_pb_image src= »https://armeemuseum.ch/wp-content/uploads/2023/07/Titelbild-Vorderseite.jpg » title_text= »Titelbild Vorderseite » _builder_version= »4.19.4&Prime; _module_preset= »default » global_colors_info= »{} »][/et_pb_image][/et_pb_column][et_pb_column type= »2_5&Prime; _builder_version= »4.19.4&Prime; _module_preset= »default » global_colors_info= »{} »][et_pb_text _builder_version= »4.19.4&Prime; _module_preset= »default » global_colors_info= »{} »]</p>
<h1></h1>
<h1></h1>
<h1></h1>
<h1></h1>
<h1></h1>
<h1></h1>
<h1></h1>
<h1></h1>
<h1></h1>
<h1></h1>
<h1></h1>
<h1></h1>
<h1></h1>
<h1><strong></strong></h1>
<h1><strong></strong></h1>
<h1><strong></strong></h1>
<h1><strong></strong></h1>
<h1><strong></strong></h1>
<h1><strong></strong></h1>
<h1><strong></strong></h1>
<h1><strong></strong></h1>
<h1><strong></strong></h1>
<h1><strong></strong></h1>
<h1><strong></strong></h1>
<h1><strong></strong></h1>
<h1><strong></strong></h1>
<h1><strong></strong></h1>
<h1><strong></strong></h1>
<h1><strong></strong></h1>
<h1><strong></strong></h1>
<h1><strong></strong></h1>
<h1><strong></strong></h1>
<h1><strong></strong></h1>
<h1><a href="https://youtu.be/XTIf4Tqh8xE" target="_blank" rel="noopener"><strong>Link zum Video</strong></a></h1>
<p>[/et_pb_text][/et_pb_column][/et_pb_row][/et_pb_section][et_pb_section fb_built= »1&Prime; _builder_version= »4.19.4&Prime; _module_preset= »default » custom_margin= »||-116px||| » custom_padding= »8px||||| » global_colors_info= »{} »][et_pb_row _builder_version= »4.19.4&Prime; _module_preset= »default » custom_padding= »0px||||| » global_colors_info= »{} »][et_pb_column type= »4_4&Prime; _builder_version= »4.19.4&Prime; _module_preset= »default » global_colors_info= »{} »][et_pb_text _builder_version= »4.19.4&Prime; _module_preset= »default » global_colors_info= »{} »]</p>
<p> Zur Vereinheitlichung der Munition und zur Modernisierung der Fabrikation gründete 1863 Oberst Hans Herzog (der spätere General) das Eidgenössische Laboratorium, das von 1874 bis 1995 als <strong>Eidgenössische Munitionsfabrik Thun (MFT)</strong> bestand. 1903 wurde als weitere Produktionsstätte die <strong>Eidgenössische Munitionsfabrik Altdorf (MFA)</strong> gegründet. 1995 wurden beide Betriebe unter dem Namen <strong>SM Schweizerische Munitionsunternehmung</strong> fusioniert. 1998 wurde diese zusammen mit den weiteren Rüstungsbetrieben des Bundes in die RUAG überführt. Im Rahmen der neuen Konzernstruktur wurde die SM im Mai 2001 zur <strong>RUAG Munition</strong>. Von 2002 bis 2022 wurde der Munitionsbereich unter dem Namen <strong>RUAG Ammotec</strong> geführt.  Im Juli 2022 wurde diese vollständig mit allen Marken sowie Produktions- und Vertriebsstandorten von der italienischen <strong>Beretta Holding</strong> mit Sitz in Luxembourg übernommen. Der Schweizer Teil der RUAG Ammotec firmiert nun unter dem Namen <strong>SwissP Defence.</strong></p>
<p>Das anlässlich des 125-Jahre-Jubiläums der MFT 1988 entstandene, aufwändig inszenierte Video zeigt somit den grössten Teil der Geschichte der Munitionsherstellung in Thun. Es beginnt mit einem historischen Rückblick auf die Geschichte der Pulver- und Munitionsherstellung.</p>
<p>Realisiert wurde das Video von Hansjakob Beglinger, einem Mitarbeiter der damaligen MFT und früheren Präsidenten des VSAM. Als Berater stand gemäss Abspann unter anderem der ehemalige bernische Kantonsarchivar Fritz Häusler zur Verfügung, der auch Mitglied der Vorstandes VSAM war.</p>
<p>[/et_pb_text][/et_pb_column][/et_pb_row][/et_pb_section][et_pb_section fb_built= »1&Prime; _builder_version= »4.19.4&Prime; _module_preset= »default » global_colors_info= »{} »][et_pb_row column_structure= »3_5,2_5&Prime; _builder_version= »4.19.4&Prime; _module_preset= »default » global_colors_info= »{} »][et_pb_column type= »3_5&Prime; _builder_version= »4.19.4&Prime; _module_preset= »default » global_colors_info= »{} »][et_pb_image src= »https://armeemuseum.ch/wp-content/uploads/2023/07/Titelbild-Rueckseite.jpg » title_text= »Titelbild Rückseite » _builder_version= »4.19.4&Prime; _module_preset= »default » global_colors_info= »{} »][/et_pb_image][/et_pb_column][et_pb_column type= »2_5&Prime; _builder_version= »4.19.4&Prime; _module_preset= »default » global_colors_info= »{} »][/et_pb_column][/et_pb_row][/et_pb_section]</p>

<p>1863 &#8211; 1988:125 Jahre Eidg. Munitionsfabrik Thun Ein Video aus dem Jahr 1988 als Zeitdokument Link zum Video Zur Vereinheitlichung der Munition und zur Modernisierung der Fabrikation gründete 1863 Oberst Hans Herzog (der spätere General) das Eidgenössische Laboratorium, das von 1874 bis 1995 als Eidgenössische Munitionsfabrik Thun (MFT) bestand. 1903 wurde als weitere Produktionsstätte die Eidgenössische [&hellip;]</p>
