{"id":47723,"date":"2024-04-15T19:44:38","date_gmt":"2024-04-15T18:44:38","guid":{"rendered":"https:\/\/www.armeemuseum.ch\/militaerpostkarten\/"},"modified":"2024-04-15T19:44:39","modified_gmt":"2024-04-15T18:44:39","slug":"militaerpostkarten","status":"publish","type":"page","link":"https:\/\/armeemuseum.ch\/fr\/militaerpostkarten\/","title":{"rendered":"Milit\u00e4rpostkarten"},"content":{"rendered":"<p>[et_pb_section fb_built=\u00a0\u00bb1&Prime; _builder_version=\u00a0\u00bb4.19.4&Prime; _module_preset=\u00a0\u00bbdefault\u00a0\u00bb global_colors_info=\u00a0\u00bb{}\u00a0\u00bb][et_pb_row column_structure=\u00a0\u00bb3_5,2_5&Prime; _builder_version=\u00a0\u00bb4.19.4&Prime; _module_preset=\u00a0\u00bbdefault\u00a0\u00bb min_height=\u00a0\u00bb166.8px\u00a0\u00bb global_colors_info=\u00a0\u00bb{}\u00a0\u00bb][et_pb_column type=\u00a0\u00bb3_5&Prime; _builder_version=\u00a0\u00bb4.19.4&Prime; _module_preset=\u00a0\u00bbdefault\u00a0\u00bb global_colors_info=\u00a0\u00bb{}\u00a0\u00bb][et_pb_text _builder_version=\u00a0\u00bb4.19.4&Prime; _module_preset=\u00a0\u00bbdefault\u00a0\u00bb custom_padding=\u00a0\u00bb0px|||||\u00a0\u00bb global_colors_info=\u00a0\u00bb{}\u00a0\u00bb]<\/p>\n<h2><strong>Milit\u00e4rpostkarten<\/strong><\/h2>\n<p>[\/et_pb_text][\/et_pb_column][et_pb_column type=\u00a0\u00bb2_5&Prime; _builder_version=\u00a0\u00bb4.19.4&Prime; _module_preset=\u00a0\u00bbdefault\u00a0\u00bb global_colors_info=\u00a0\u00bb{}\u00a0\u00bb][et_pb_image src=\u00a0\u00bbhttps:\/\/armeemuseum.ch\/wp-content\/uploads\/2020\/06\/Logo-VSAM-komprimiert-5.jpg\u00a0\u00bb title_text=\u00a0\u00bbEinfaches CMYK\u00a0\u00bb _builder_version=\u00a0\u00bb4.19.4&Prime; _module_preset=\u00a0\u00bbdefault\u00a0\u00bb global_colors_info=\u00a0\u00bb{}\u00a0\u00bb][\/et_pb_image][\/et_pb_column][\/et_pb_row][\/et_pb_section][et_pb_section fb_built=\u00a0\u00bb1&Prime; _builder_version=\u00a0\u00bb4.23.4&Prime; _module_preset=\u00a0\u00bbdefault\u00a0\u00bb global_colors_info=\u00a0\u00bb{}\u00a0\u00bb][et_pb_row _builder_version=\u00a0\u00bb4.23.4&Prime; _module_preset=\u00a0\u00bbdefault\u00a0\u00bb global_colors_info=\u00a0\u00bb{}\u00a0\u00bb][et_pb_column type=\u00a0\u00bb4_4&Prime; _builder_version=\u00a0\u00bb4.23.4&Prime; _module_preset=\u00a0\u00bbdefault\u00a0\u00bb global_colors_info=\u00a0\u00bb{}\u00a0\u00bb][et_pb_text _builder_version=\u00a0\u00bb4.23.4&Prime; _module_preset=\u00a0\u00bbdefault\u00a0\u00bb min_height=\u00a0\u00bb583.8px\u00a0\u00bb global_colors_info=\u00a0\u00bb{}\u00a0\u00bb]<\/p>\n<p>Der Verein Schweizer Armeemuseum (VSAM) besitzt eine grosse Sammlung Milit\u00e4rpostkarten. Die Anf\u00e4nge des Sammlungsaufbaues gehen auf die Zeit nach Ende des Ersten Weltkrieges zur\u00fcck.<\/p>\n<p>Der Vorstand des VSAM hat beschlossen, diese Sammlung zu inventarisieren und mit allen verf\u00fcgbaren Informationen auf seiner Homepage mit eine Online-Datenbank \u00f6ffentlich zug\u00e4nglich zu machen. Die Inventarisierungsarbeiten erfolgen durch freiwillige Mitarbeiter und durch Vorstandsmitglieder. In Anbetracht des Sammlungsumfanges erfolgt die Aufschaltung nach Massgabe des Inventarisierungsfortschrittes.<\/p>\n<p>Da die Scan-Arbeiten der Milit\u00e4rpostkarten wesentlich schneller voranschreiten k\u00f6nnen als deren Beschrieb, ist erst ein Teil der Milit\u00e4rpostkarten mit einem Beschrieb versehen.<\/p>\n<p>\u00a0<strong>Kontakt<\/strong><\/p>\n<p>Bemerkungen und Fragen zur Datenbank und deren Inhalt sind zu richten an info@armeemuseum.ch<\/p>\n<p>\u00a0<strong>Nutzungsbedingungen<\/strong><\/p>\n<p>Die Online-Datenbank ist frei zug\u00e4nglich.<\/p>\n<p>Bei Verwendung der Bilder ist das Copyright des VSAM zu respektieren und die Bildquelle anzugeben mit:\u00a0 \u00a9Datenbank Milit\u00e4rpostkarten VSAM<\/p>\n<p>\u00a0<strong>Hier wird bis anfangs Mai 2024 der Katalog der Milit\u00e4rpostkarten aufgeschaltet.<\/strong><\/p>\n<p>[\/et_pb_text][\/et_pb_column][\/et_pb_row][\/et_pb_section]<\/p>\n","protected":false},"excerpt":{"rendered":"<p>Milit\u00e4rpostkartenDer Verein Schweizer Armeemuseum (VSAM) besitzt eine grosse Sammlung Milit\u00e4rpostkarten. Die Anf\u00e4nge des Sammlungsaufbaues gehen auf die Zeit nach Ende des Ersten Weltkrieges zur\u00fcck. Der Vorstand des VSAM hat beschlossen, diese Sammlung zu inventarisieren und mit allen verf\u00fcgbaren Informationen auf seiner Homepage mit eine Online-Datenbank \u00f6ffentlich zug\u00e4nglich zu machen. Die Inventarisierungsarbeiten erfolgen durch freiwillige Mitarbeiter [&hellip;]<\/p>\n","protected":false},"author":2,"featured_media":0,"parent":0,"menu_order":0,"comment_status":"closed","ping_status":"closed","template":"","meta":{"_et_pb_use_builder":"on","_et_pb_old_content":"","_et_gb_content_width":"","footnotes":""},"class_list":["post-47723","page","type-page","status-publish","hentry"],"_links":{"self":[{"href":"https:\/\/armeemuseum.ch\/fr\/wp-json\/wp\/v2\/pages\/47723","targetHints":{"allow":["GET"]}}],"collection":[{"href":"https:\/\/armeemuseum.ch\/fr\/wp-json\/wp\/v2\/pages"}],"about":[{"href":"https:\/\/armeemuseum.ch\/fr\/wp-json\/wp\/v2\/types\/page"}],"author":[{"embeddable":true,"href":"https:\/\/armeemuseum.ch\/fr\/wp-json\/wp\/v2\/users\/2"}],"replies":[{"embeddable":true,"href":"https:\/\/armeemuseum.ch\/fr\/wp-json\/wp\/v2\/comments?post=47723"}],"version-history":[{"count":2,"href":"https:\/\/armeemuseum.ch\/fr\/wp-json\/wp\/v2\/pages\/47723\/revisions"}],"predecessor-version":[{"id":47725,"href":"https:\/\/armeemuseum.ch\/fr\/wp-json\/wp\/v2\/pages\/47723\/revisions\/47725"}],"wp:attachment":[{"href":"https:\/\/armeemuseum.ch\/fr\/wp-json\/wp\/v2\/media?parent=47723"}],"curies":[{"name":"wp","href":"https:\/\/api.w.org\/{rel}","templated":true}]}}

Militärpostkarten

<p>[et_pb_section fb_built= »1&Prime; _builder_version= »4.19.4&Prime; _module_preset= »default » global_colors_info= »{} »][et_pb_row column_structure= »3_5,2_5&Prime; _builder_version= »4.19.4&Prime; _module_preset= »default » min_height= »166.8px » global_colors_info= »{} »][et_pb_column type= »3_5&Prime; _builder_version= »4.19.4&Prime; _module_preset= »default » global_colors_info= »{} »][et_pb_text _builder_version= »4.19.4&Prime; _module_preset= »default » custom_padding= »0px||||| » global_colors_info= »{} »]</p>
<h2><strong>Militärpostkarten</strong></h2>
<p>[/et_pb_text][/et_pb_column][et_pb_column type= »2_5&Prime; _builder_version= »4.19.4&Prime; _module_preset= »default » global_colors_info= »{} »][et_pb_image src= »https://armeemuseum.ch/wp-content/uploads/2020/06/Logo-VSAM-komprimiert-5.jpg » title_text= »Einfaches CMYK » _builder_version= »4.19.4&Prime; _module_preset= »default » global_colors_info= »{} »][/et_pb_image][/et_pb_column][/et_pb_row][/et_pb_section][et_pb_section fb_built= »1&Prime; _builder_version= »4.23.4&Prime; _module_preset= »default » global_colors_info= »{} »][et_pb_row _builder_version= »4.23.4&Prime; _module_preset= »default » global_colors_info= »{} »][et_pb_column type= »4_4&Prime; _builder_version= »4.23.4&Prime; _module_preset= »default » global_colors_info= »{} »][et_pb_text _builder_version= »4.23.4&Prime; _module_preset= »default » min_height= »583.8px » global_colors_info= »{} »]</p>
<p>Der Verein Schweizer Armeemuseum (VSAM) besitzt eine grosse Sammlung Militärpostkarten. Die Anfänge des Sammlungsaufbaues gehen auf die Zeit nach Ende des Ersten Weltkrieges zurück.</p>
<p>Der Vorstand des VSAM hat beschlossen, diese Sammlung zu inventarisieren und mit allen verfügbaren Informationen auf seiner Homepage mit eine Online-Datenbank öffentlich zugänglich zu machen. Die Inventarisierungsarbeiten erfolgen durch freiwillige Mitarbeiter und durch Vorstandsmitglieder. In Anbetracht des Sammlungsumfanges erfolgt die Aufschaltung nach Massgabe des Inventarisierungsfortschrittes.</p>
<p>Da die Scan-Arbeiten der Militärpostkarten wesentlich schneller voranschreiten können als deren Beschrieb, ist erst ein Teil der Militärpostkarten mit einem Beschrieb versehen.</p>
<p> <strong>Kontakt</strong></p>
<p>Bemerkungen und Fragen zur Datenbank und deren Inhalt sind zu richten an info@armeemuseum.ch</p>
<p> <strong>Nutzungsbedingungen</strong></p>
<p>Die Online-Datenbank ist frei zugänglich.</p>
<p>Bei Verwendung der Bilder ist das Copyright des VSAM zu respektieren und die Bildquelle anzugeben mit:  ©Datenbank Militärpostkarten VSAM</p>
<p> <strong>Hier wird bis anfangs Mai 2024 der Katalog der Militärpostkarten aufgeschaltet.</strong></p>
<p>[/et_pb_text][/et_pb_column][/et_pb_row][/et_pb_section]</p>

<p>MilitärpostkartenDer Verein Schweizer Armeemuseum (VSAM) besitzt eine grosse Sammlung Militärpostkarten. Die Anfänge des Sammlungsaufbaues gehen auf die Zeit nach Ende des Ersten Weltkrieges zurück. Der Vorstand des VSAM hat beschlossen, diese Sammlung zu inventarisieren und mit allen verfügbaren Informationen auf seiner Homepage mit eine Online-Datenbank öffentlich zugänglich zu machen. Die Inventarisierungsarbeiten erfolgen durch freiwillige Mitarbeiter [&hellip;]</p>
