{"id":30539,"date":"2019-06-03T20:11:53","date_gmt":"2019-06-03T19:11:53","guid":{"rendered":"https:\/\/www.armeemuseum.ch\/page-daccueil\/"},"modified":"2026-04-04T16:32:09","modified_gmt":"2026-04-04T15:32:09","slug":"page-daccueil","status":"publish","type":"page","link":"https:\/\/armeemuseum.ch\/fr\/","title":{"rendered":"Page d&rsquo;accueil"},"content":{"rendered":"<p>[et_pb_section fb_built=\u00a0\u00bb1&Prime; admin_label=\u00a0\u00bbsection\u00a0\u00bb _builder_version=\u00a0\u00bb4.16&Prime; global_colors_info=\u00a0\u00bb{}\u00a0\u00bb][et_pb_row column_structure=\u00a0\u00bb2_3,1_3&Prime; admin_label=\u00a0\u00bbrow\u00a0\u00bb _builder_version=\u00a0\u00bb4.16&Prime; background_size=\u00a0\u00bbinitial\u00a0\u00bb background_position=\u00a0\u00bbtop_left\u00a0\u00bb background_repeat=\u00a0\u00bbrepeat\u00a0\u00bb global_colors_info=\u00a0\u00bb{}\u00a0\u00bb][et_pb_column type=\u00a0\u00bb2_3&Prime; _builder_version=\u00a0\u00bb4.16&Prime; custom_padding=\u00a0\u00bb|||\u00a0\u00bb global_colors_info=\u00a0\u00bb{}\u00a0\u00bb custom_padding__hover=\u00a0\u00bb|||\u00a0\u00bb][et_pb_text admin_label=\u00a0\u00bbText\u00a0\u00bb _builder_version=\u00a0\u00bb4.16&Prime; background_size=\u00a0\u00bbinitial\u00a0\u00bb background_position=\u00a0\u00bbtop_left\u00a0\u00bb background_repeat=\u00a0\u00bbrepeat\u00a0\u00bb use_border_color=\u00a0\u00bboff\u00a0\u00bb border_color=\u00a0\u00bb#ffffff\u00a0\u00bb border_style=\u00a0\u00bbsolid\u00a0\u00bb global_colors_info=\u00a0\u00bb{}\u00a0\u00bb]<\/p>\n<h1><strong>Association du mus\u00e9e suisse de l&rsquo;arm\u00e9e (VSAM)<\/strong><\/h1>\n<p><\/p>\n<p>&nbsp;<\/p>\n<p><span style=\"display: inline-block; width: 0px; overflow: hidden; line-height: 0;\" data-mce-type=\"bookmark\" class=\"mce_SELRES_start\">\ufeff<\/span><br \/>\n[\/et_pb_text][\/et_pb_column][et_pb_column type=\u00a0\u00bb1_3&Prime; _builder_version=\u00a0\u00bb4.16&Prime; custom_padding=\u00a0\u00bb|||\u00a0\u00bb global_colors_info=\u00a0\u00bb{}\u00a0\u00bb custom_padding__hover=\u00a0\u00bb|||\u00a0\u00bb][et_pb_image src=\u00a0\u00bbhttps:\/\/armeemuseum.ch\/wp-content\/uploads\/2019\/04\/Logo-VSAM-komprimiert-2.jpg\u00a0\u00bb align_tablet=\u00a0\u00bbcenter\u00a0\u00bb align_phone=\u00a0\u00bbcenter\u00a0\u00bb align_last_edited=\u00a0\u00bbon|desktop\u00a0\u00bb admin_label=\u00a0\u00bbBild\u00a0\u00bb _builder_version=\u00a0\u00bb4.16&Prime; animation_style=\u00a0\u00bbslide\u00a0\u00bb animation_direction=\u00a0\u00bbleft\u00a0\u00bb animation_duration=\u00a0\u00bb500ms\u00a0\u00bb animation_intensity_slide=\u00a0\u00bb10%\u00a0\u00bb use_border_color=\u00a0\u00bboff\u00a0\u00bb border_color=\u00a0\u00bb#ffffff\u00a0\u00bb border_style=\u00a0\u00bbsolid\u00a0\u00bb animation=\u00a0\u00bbleft\u00a0\u00bb sticky=\u00a0\u00bboff\u00a0\u00bb always_center_on_mobile=\u00a0\u00bbon\u00a0\u00bb global_colors_info=\u00a0\u00bb{}\u00a0\u00bb][\/et_pb_image][\/et_pb_column][\/et_pb_row][et_pb_row admin_label=\u00a0\u00bbZeile\u00a0\u00bb _builder_version=\u00a0\u00bb4.16&Prime; background_size=\u00a0\u00bbinitial\u00a0\u00bb background_position=\u00a0\u00bbtop_left\u00a0\u00bb background_repeat=\u00a0\u00bbrepeat\u00a0\u00bb global_colors_info=\u00a0\u00bb{}\u00a0\u00bb][et_pb_column type=\u00a0\u00bb4_4&Prime; _builder_version=\u00a0\u00bb4.16&Prime; custom_padding=\u00a0\u00bb|||\u00a0\u00bb global_colors_info=\u00a0\u00bb{}\u00a0\u00bb custom_padding__hover=\u00a0\u00bb|||\u00a0\u00bb][et_pb_text admin_label=\u00a0\u00bbText\u00a0\u00bb _builder_version=\u00a0\u00bb4.16&Prime; background_size=\u00a0\u00bbinitial\u00a0\u00bb background_position=\u00a0\u00bbtop_left\u00a0\u00bb background_repeat=\u00a0\u00bbrepeat\u00a0\u00bb use_border_color=\u00a0\u00bboff\u00a0\u00bb border_color=\u00a0\u00bb#ffffff\u00a0\u00bb border_style=\u00a0\u00bbsolid\u00a0\u00bb global_colors_info=\u00a0\u00bb{}\u00a0\u00bb]L\u2019Association du mus\u00e9e suisse de l\u2019arm\u00e9e (VSAM) est une association qui poursuit les objectifs suivants :<br \/>\u2022\tSoutenir la r\u00e9alisation d\u2019un mus\u00e9e suisse de l\u2019arm\u00e9e ;<br \/>\u2022\tContribuer \u00e0 la pr\u00e9servation du mat\u00e9riel historique de l\u2019arm\u00e9e ainsi qu\u2019aux travaux de recherche et de documentation qui y sont associ\u00e9s ;<br \/>\u2022\tPromouvoir les connaissances sur l\u2019histoire militaire de la Suisse.<br \/>L\u2019association a cr\u00e9\u00e9 en 2008 la Fondation Mat\u00e9riel historique de l\u2019arm\u00e9e suisse. En tant que fournisseur de prestations ind\u00e9pendant pour le compte du DDPS, elle suit une grande partie des collections du mat\u00e9riel historique de l\u2019arm\u00e9e suisse.<br \/>\n[\/et_pb_text][et_pb_text admin_label=\u00a0\u00bbText\u00a0\u00bb _builder_version=\u00a0\u00bb4.16&Prime; background_size=\u00a0\u00bbinitial\u00a0\u00bb background_position=\u00a0\u00bbtop_left\u00a0\u00bb background_repeat=\u00a0\u00bbrepeat\u00a0\u00bb use_border_color=\u00a0\u00bboff\u00a0\u00bb border_color=\u00a0\u00bb#ffffff\u00a0\u00bb border_style=\u00a0\u00bbsolid\u00a0\u00bb global_colors_info=\u00a0\u00bb{}\u00a0\u00bb]<\/p>\n<h3 style=\"text-align: left;\"><a href=\"https:\/\/armeemuseum.ch\/fr\/la-vsam-est-primee\/\"><em><strong><span style=\"color: #ff0000;\"><img loading=\"lazy\" decoding=\"async\" class=\"wp-image-34350 alignleft\" src=\"https:\/\/armeemuseum.ch\/wp-content\/uploads\/2019\/12\/Signet-SGKGS-300x226.jpg\" alt=\"\" width=\"95\" height=\"71\" srcset=\"https:\/\/armeemuseum.ch\/wp-content\/uploads\/2019\/12\/Signet-SGKGS-300x226.jpg 300w, https:\/\/armeemuseum.ch\/wp-content\/uploads\/2019\/12\/Signet-SGKGS.jpg 444w\" sizes=\"auto, (max-width: 95px) 100vw, 95px\" \/><\/span><\/strong><\/em><\/a><\/h3>\n<p><\/p>\n<h4 style=\"text-align: left;\"><em><strong><span style=\"color: #ff0000;\">VSAM mit Preis f\u00fcr Kulturg\u00fcterschutz ausgezeichent.\u00a0\u21d2 <a href=\"https:\/\/armeemuseum.ch\/fr\/la-vsam-est-primee\/\">Info<\/a><\/span><\/strong><\/em><\/h4>\n<p><\/p>\n<p>&nbsp;<\/p>\n<p><\/p>\n<p>&nbsp;<\/p>\n<p>[\/et_pb_text][et_pb_text _builder_version=\u00a0\u00bb4.27.2&Prime; _module_preset=\u00a0\u00bbdefault\u00a0\u00bb hover_enabled=\u00a0\u00bb0&Prime; sticky_enabled=\u00a0\u00bb0&Prime;]<\/p>\n<p><strong>Prochaines manifestations:<\/strong><\/p>\n<p><span style=\"left: 22.69%; top: 55.48%; font-size: calc(var(--scale-factor)*11.00px); font-family: sans-serif; transform: scaleX(0.890254);\" role=\"presentation\" dir=\"ltr\">25.4.26: Mitgliederversammlung in Thun<br \/>20.5.26: Vortrag: Festung Grimsel, ein Werk der Gotthardverteidiugng. Referent: Hans Rudolf Schneider<br \/>5.8.26: Vortrag: Feuerwehr- und Sanit\u00e4tsfahrzeuge der Schweizer Armee. Referent: Marklus Hofmann<br \/>9.9.26: Vortrag: Milit\u00e4runternehmertum in der Eidgenossenschaft bis 1848. Referent: Andr\u00e9 Holenstein<br \/>18.11.26: Vortrag : Der Waffenplatz Thun. Referent: Fred Heer<\/span><\/p>\n<p>[\/et_pb_text][et_pb_text admin_label=\u00a0\u00bbText\u00a0\u00bb _builder_version=\u00a0\u00bb4.27.2&Prime; background_size=\u00a0\u00bbinitial\u00a0\u00bb background_position=\u00a0\u00bbtop_left\u00a0\u00bb background_repeat=\u00a0\u00bbrepeat\u00a0\u00bb custom_padding=\u00a0\u00bb||0px|||\u00a0\u00bb use_border_color=\u00a0\u00bboff\u00a0\u00bb border_color=\u00a0\u00bb#ffffff\u00a0\u00bb border_style=\u00a0\u00bbsolid\u00a0\u00bb global_colors_info=\u00a0\u00bb{}\u00a0\u00bb][\/et_pb_text][et_pb_gallery gallery_ids=\u00a0\u00bb30495,30499,30503,30507,30511,30515,30519,30523,30527,30531&Prime; fullwidth=\u00a0\u00bbon\u00a0\u00bb admin_label=\u00a0\u00bbGalerie\u00a0\u00bb _builder_version=\u00a0\u00bb4.16&Prime; auto=\u00a0\u00bbon\u00a0\u00bb auto_speed=\u00a0\u00bb3000&Prime; db_image_max_width_tablet=\u00a0\u00bb51&Prime; db_image_max_height_tablet=\u00a0\u00bb501&Prime; db_image_row_spacing_tablet=\u00a0\u00bb51&Prime; dbdb_version=\u00a0\u00bb5.1.1&Prime; use_border_color=\u00a0\u00bboff\u00a0\u00bb border_color=\u00a0\u00bb#ffffff\u00a0\u00bb border_style=\u00a0\u00bbsolid\u00a0\u00bb global_colors_info=\u00a0\u00bb{}\u00a0\u00bb][\/et_pb_gallery][et_pb_blurb title=\u00a0\u00bbBlick in die von der Stiftung HAM betreuten Sammlungen des historischen Materials der Schweizer Armee.\u00a0\u00bb image_icon_width=\u00a0\u00bbnone\u00a0\u00bb admin_label=\u00a0\u00bbInformationstext\u00a0\u00bb _builder_version=\u00a0\u00bb4.16&Prime; background_size=\u00a0\u00bbinitial\u00a0\u00bb background_position=\u00a0\u00bbtop_left\u00a0\u00bb background_repeat=\u00a0\u00bbrepeat\u00a0\u00bb use_border_color=\u00a0\u00bboff\u00a0\u00bb border_color=\u00a0\u00bb#ffffff\u00a0\u00bb border_style=\u00a0\u00bbsolid\u00a0\u00bb image_max_width=\u00a0\u00bbnone\u00a0\u00bb use_circle=\u00a0\u00bboff\u00a0\u00bb use_circle_border=\u00a0\u00bboff\u00a0\u00bb circle_border_color=\u00a0\u00bb#7EBEC5&Prime; circle_color=\u00a0\u00bb#7EBEC5&Prime; global_colors_info=\u00a0\u00bb{}\u00a0\u00bb][\/et_pb_blurb][\/et_pb_column][\/et_pb_row][\/et_pb_section]<\/p>\n","protected":false},"excerpt":{"rendered":"<p>Association du mus\u00e9e suisse de l&rsquo;arm\u00e9e (VSAM)&nbsp;\ufeff L\u2019Association du mus\u00e9e suisse de l\u2019arm\u00e9e (VSAM) est une association qui poursuit les objectifs suivants :\u2022 Soutenir la r\u00e9alisation d\u2019un mus\u00e9e suisse de l\u2019arm\u00e9e ;\u2022 Contribuer \u00e0 la pr\u00e9servation du mat\u00e9riel historique de l\u2019arm\u00e9e ainsi qu\u2019aux travaux de recherche et de documentation qui y sont associ\u00e9s ;\u2022 Promouvoir [&hellip;]<\/p>\n","protected":false},"author":2,"featured_media":0,"parent":0,"menu_order":0,"comment_status":"closed","ping_status":"closed","template":"","meta":{"_et_pb_use_builder":"on","_et_pb_old_content":"","_et_gb_content_width":"","footnotes":""},"class_list":["post-30539","page","type-page","status-publish","hentry"],"_links":{"self":[{"href":"https:\/\/armeemuseum.ch\/fr\/wp-json\/wp\/v2\/pages\/30539","targetHints":{"allow":["GET"]}}],"collection":[{"href":"https:\/\/armeemuseum.ch\/fr\/wp-json\/wp\/v2\/pages"}],"about":[{"href":"https:\/\/armeemuseum.ch\/fr\/wp-json\/wp\/v2\/types\/page"}],"author":[{"embeddable":true,"href":"https:\/\/armeemuseum.ch\/fr\/wp-json\/wp\/v2\/users\/2"}],"replies":[{"embeddable":true,"href":"https:\/\/armeemuseum.ch\/fr\/wp-json\/wp\/v2\/comments?post=30539"}],"version-history":[{"count":75,"href":"https:\/\/armeemuseum.ch\/fr\/wp-json\/wp\/v2\/pages\/30539\/revisions"}],"predecessor-version":[{"id":49865,"href":"https:\/\/armeemuseum.ch\/fr\/wp-json\/wp\/v2\/pages\/30539\/revisions\/49865"}],"wp:attachment":[{"href":"https:\/\/armeemuseum.ch\/fr\/wp-json\/wp\/v2\/media?parent=30539"}],"curies":[{"name":"wp","href":"https:\/\/api.w.org\/{rel}","templated":true}]}}

<p>[et_pb_section fb_built= »1&Prime; admin_label= »section » _builder_version= »4.16&Prime; global_colors_info= »{} »][et_pb_row column_structure= »2_3,1_3&Prime; admin_label= »row » _builder_version= »4.16&Prime; background_size= »initial » background_position= »top_left » background_repeat= »repeat » global_colors_info= »{} »][et_pb_column type= »2_3&Prime; _builder_version= »4.16&Prime; custom_padding= »||| » global_colors_info= »{} » custom_padding__hover= »||| »][et_pb_text admin_label= »Text » _builder_version= »4.16&Prime; background_size= »initial » background_position= »top_left » background_repeat= »repeat » use_border_color= »off » border_color= »#ffffff » border_style= »solid » global_colors_info= »{} »]</p>
<h1><strong>Association du musée suisse de l&rsquo;armée (VSAM)</strong></h1>
<p></p>
<p>&nbsp;</p>
<p><span style="display: inline-block; width: 0px; overflow: hidden; line-height: 0;" data-mce-type="bookmark" class="mce_SELRES_start">﻿</span><br />
[/et_pb_text][/et_pb_column][et_pb_column type= »1_3&Prime; _builder_version= »4.16&Prime; custom_padding= »||| » global_colors_info= »{} » custom_padding__hover= »||| »][et_pb_image src= »https://armeemuseum.ch/wp-content/uploads/2019/04/Logo-VSAM-komprimiert-2.jpg » align_tablet= »center » align_phone= »center » align_last_edited= »on|desktop » admin_label= »Bild » _builder_version= »4.16&Prime; animation_style= »slide » animation_direction= »left » animation_duration= »500ms » animation_intensity_slide= »10% » use_border_color= »off » border_color= »#ffffff » border_style= »solid » animation= »left » sticky= »off » always_center_on_mobile= »on » global_colors_info= »{} »][/et_pb_image][/et_pb_column][/et_pb_row][et_pb_row admin_label= »Zeile » _builder_version= »4.16&Prime; background_size= »initial » background_position= »top_left » background_repeat= »repeat » global_colors_info= »{} »][et_pb_column type= »4_4&Prime; _builder_version= »4.16&Prime; custom_padding= »||| » global_colors_info= »{} » custom_padding__hover= »||| »][et_pb_text admin_label= »Text » _builder_version= »4.16&Prime; background_size= »initial » background_position= »top_left » background_repeat= »repeat » use_border_color= »off » border_color= »#ffffff » border_style= »solid » global_colors_info= »{} »]L’Association du musée suisse de l’armée (VSAM) est une association qui poursuit les objectifs suivants :<br />•	Soutenir la réalisation d’un musée suisse de l’armée ;<br />•	Contribuer à la préservation du matériel historique de l’armée ainsi qu’aux travaux de recherche et de documentation qui y sont associés ;<br />•	Promouvoir les connaissances sur l’histoire militaire de la Suisse.<br />L’association a créé en 2008 la Fondation Matériel historique de l’armée suisse. En tant que fournisseur de prestations indépendant pour le compte du DDPS, elle suit une grande partie des collections du matériel historique de l’armée suisse.<br />
[/et_pb_text][et_pb_text admin_label= »Text » _builder_version= »4.16&Prime; background_size= »initial » background_position= »top_left » background_repeat= »repeat » use_border_color= »off » border_color= »#ffffff » border_style= »solid » global_colors_info= »{} »]</p>
<h3 style="text-align: left;"><a href="https://armeemuseum.ch/fr/la-vsam-est-primee/"><em><strong><span style="color: #ff0000;"><img loading="lazy" decoding="async" class="wp-image-34350 alignleft" src="https://armeemuseum.ch/wp-content/uploads/2019/12/Signet-SGKGS-300x226.jpg" alt="" width="95" height="71" srcset="https://armeemuseum.ch/wp-content/uploads/2019/12/Signet-SGKGS-300x226.jpg 300w, https://armeemuseum.ch/wp-content/uploads/2019/12/Signet-SGKGS.jpg 444w" sizes="auto, (max-width: 95px) 100vw, 95px" /></span></strong></em></a></h3>
<p></p>
<h4 style="text-align: left;"><em><strong><span style="color: #ff0000;">VSAM mit Preis für Kulturgüterschutz ausgezeichent. ⇒ <a href="https://armeemuseum.ch/fr/la-vsam-est-primee/">Info</a></span></strong></em></h4>
<p></p>
<p>&nbsp;</p>
<p></p>
<p>&nbsp;</p>
<p>[/et_pb_text][et_pb_text _builder_version= »4.27.2&Prime; _module_preset= »default » hover_enabled= »0&Prime; sticky_enabled= »0&Prime;]</p>
<p><strong>Prochaines manifestations:</strong></p>
<p><span style="left: 22.69%; top: 55.48%; font-size: calc(var(--scale-factor)*11.00px); font-family: sans-serif; transform: scaleX(0.890254);" role="presentation" dir="ltr">25.4.26: Mitgliederversammlung in Thun<br />20.5.26: Vortrag: Festung Grimsel, ein Werk der Gotthardverteidiugng. Referent: Hans Rudolf Schneider<br />5.8.26: Vortrag: Feuerwehr- und Sanitätsfahrzeuge der Schweizer Armee. Referent: Marklus Hofmann<br />9.9.26: Vortrag: Militärunternehmertum in der Eidgenossenschaft bis 1848. Referent: André Holenstein<br />18.11.26: Vortrag : Der Waffenplatz Thun. Referent: Fred Heer</span></p>
<p>[/et_pb_text][et_pb_text admin_label= »Text » _builder_version= »4.27.2&Prime; background_size= »initial » background_position= »top_left » background_repeat= »repeat » custom_padding= »||0px||| » use_border_color= »off » border_color= »#ffffff » border_style= »solid » global_colors_info= »{} »][/et_pb_text][et_pb_gallery gallery_ids= »30495,30499,30503,30507,30511,30515,30519,30523,30527,30531&Prime; fullwidth= »on » admin_label= »Galerie » _builder_version= »4.16&Prime; auto= »on » auto_speed= »3000&Prime; db_image_max_width_tablet= »51&Prime; db_image_max_height_tablet= »501&Prime; db_image_row_spacing_tablet= »51&Prime; dbdb_version= »5.1.1&Prime; use_border_color= »off » border_color= »#ffffff » border_style= »solid » global_colors_info= »{} »][/et_pb_gallery][et_pb_blurb title= »Blick in die von der Stiftung HAM betreuten Sammlungen des historischen Materials der Schweizer Armee. » image_icon_width= »none » admin_label= »Informationstext » _builder_version= »4.16&Prime; background_size= »initial » background_position= »top_left » background_repeat= »repeat » use_border_color= »off » border_color= »#ffffff » border_style= »solid » image_max_width= »none » use_circle= »off » use_circle_border= »off » circle_border_color= »#7EBEC5&Prime; circle_color= »#7EBEC5&Prime; global_colors_info= »{} »][/et_pb_blurb][/et_pb_column][/et_pb_row][/et_pb_section]</p>

<p>Association du musée suisse de l&rsquo;armée (VSAM)&nbsp;﻿ L’Association du musée suisse de l’armée (VSAM) est une association qui poursuit les objectifs suivants :• Soutenir la réalisation d’un musée suisse de l’armée ;• Contribuer à la préservation du matériel historique de l’armée ainsi qu’aux travaux de recherche et de documentation qui y sont associés ;• Promouvoir [&hellip;]</p>
